11, 23
Let s(v) = 7*v + 10. What are the prime factors of s(6)?
2, 13
Let c(a) = 7*a**3 - 2*a**2 - 9*a - 5. Let j(l) = 15*l**3 - 5*l**2 - 19*l - 11. Let h(z) = 13*c(z) - 6*j(z). What are the prime factors of h(3)?
5, 11
Suppose -64 = -2*p - 0*u + 2*u, 3*u = -2*p + 89. What are the prime factors of p?
37
Let o(v) = -4*v - 2. Let x be o(-8). Suppose 2*c - 20 - x = 0. What are the prime factors of c?
5
Let i be 6/(-10) + (-66)/(-10). Let t(c) = -c**2 + 9*c - 6. List the prime factors of t(i).
2, 3
Let a = 18 - 10. Let s = 10 - a. List the prime factors of s.
2
Let g be 2*-5*(-90)/(-25). Let b = -23 - g. What are the prime factors of b?
13
Let v(p) = -29*p - 10. Let i be v(-5). Suppose -109 = -3*k - 4*y, 0 = 3*k + 3*y + 27 - i. List the prime factors of k.
5, 7
Let d(h) = h**3 + 7*h**2 - 7*h + 9. Let i be d(-8). List the prime factors of 16 + (4 + -2)/i.
2, 3
Suppose 0 = -3*y - y + 8. What are the prime factors of y?
2
Let j(y) = y + 9. Let u be j(0). Suppose 0 = -3*l + 2*f + 62, 3*l = -3*f + 48 + u. List the prime factors of l.
2, 5
Let y(d) be the third derivative of -d**4/12 - d**3 - 3*d**2. Let p be y(-4). Suppose -o + 3*s + p*s = 17, -5*o = 4*s - 60. What are the prime factors of o?
2
Suppose -20 = -6*y + 5*y. Suppose y = l + 1. What are the prime factors of l?
19
Let y(q) = 10*q - 1. List the prime factors of y(5).
7
Let u be 52 - (-5)/(10/4). Suppose -2*f - w + 45 = 0, 0*f - 3*w = -3*f + u. List the prime factors of f.
3, 7
Let f be 4/(-5) - (-32)/(-10). Let c(x) be the second derivative of -x**3/6 - x**2/2 - x. What are the prime factors of c(f)?
3
Suppose 3*w + 3 = -x, 7 + 4 = -w + 3*x. Let y = 2 - w. What are the prime factors of y?
2
Let w(v) = v**3 - 5*v**2 + v - 1. Let x be w(5). Suppose 32 = 4*y - x*d, 3*y + d - 6 = 6. List the prime factors of y.
5
Suppose -8 = 4*y - 4*w, 2*y + w = -4*w + 17. Let s = 2 + y. List the prime factors of 1*s - (3 - 13).
13
Suppose -h = -3*h + 8. Let g(c) = 2*c - 5. Let l be g(h). Suppose -6*r + 2*r + 11 = l*m, m + 2*r - 3 = 0. What are the prime factors of m?
5
Suppose 10 = 2*k - 10. Suppose -5*a + 3*a - 3*f - 28 = 0, -5*f = 0. What are the prime factors of (-52)/a + k/35?
2
Let c be -11*(-3 + 2)*1. Let j = c + 1. List the prime factors of j.
2, 3
Let v(g) = 5*g. Let h be v(1). Suppose -6 = -2*j + h*q + 9, 3*j = 3*q + 27. List the prime factors of 5*2*j/25.
2
What are the prime factors of 1/3 + (-1179)/(-27)?
2, 11
Suppose 5*l - 2 = 6*l. Let h(i) = -i**3 + 6*i**2 + 2*i + 4. Let r(n) = -n**3 + n**2 - n + 1. Let t(a) = h(a) - 2*r(a). What are the prime factors of t(l)?
2
Suppose -2*q + 0*r + r - 13 = 0, q + 9 = r. What are the prime factors of 2/((-24)/63)*q?
3, 7
Let t(q) = 7*q**2 + 4*q - 3. Let x be t(2). Suppose -2*f - 4*z + 32 = 0, -5*f + 2*f = 3*z - x. Let p = f + 3. List the prime factors of p.
3
Suppose 4*q + y + 0*y = -15, y - 6 = 3*q. List the prime factors of 16 - (-4)/(-12)*q.
17
Let f = 51 + -37. What are the prime factors of f?
2, 7
Let c = -22 + 29. Suppose -4*i - c = -67. What are the prime factors of i?
3, 5
Let s(l) = -8 - 4 + 3 + 0*l + 3*l. List the prime factors of s(13).
2, 3, 5
Let h = -121 + 340. What are the prime factors of h?
3, 73
Suppose 6 - 18 = 3*b. List the prime factors of 1 + -2 + (b - -11).
2, 3
Suppose -5*k + 104 + 23 = -4*j, 130 = 5*k - 5*j. Let b = k + -13. List the prime factors of b.
2, 5
Suppose -4 + 19 = -5*g, 3*a + 4*g = 0. Suppose a*y = y + 114. List the prime factors of y.
2, 19
Suppose 5*g + 2*p = 44, -3*g - 2*g + p = -53. Let a(h) = -h**3 + 9*h**2 + 12*h + 7. What are the prime factors of a(g)?
3
Suppose n = 2*w + 3, -4*w + 4*n - 12 = -0*n. Suppose w = -0*a + 2*a - 12. Suppose -a - 12 = -3*u. What are the prime factors of u?
2, 3
Suppose -2*q = 4*n + 12, 0 = -4*n + 4*q - 17 - 7. Let b(f) be the first derivative of f**4/4 + 5*f**3/3 + f**2 - 3*f + 1. What are the prime factors of b(n)?
5
Let g(b) = -2*b - 4. Let h be g(-5). Suppose 9 = 3*x - h. Suppose 2*q - 6*k + 2 = -4*k, -k = x*q - 25. List the prime factors of q.
2
Let x(c) = -c**2 + 5*c + 4. Let r be x(5). What are the prime factors of (2/r)/((-3)/(-48))?
2
Suppose -29 = -4*q + 83. Suppose m = q - 6. What are the prime factors of m?
2, 11
Let r(d) = -d**2 + 11*d - 2. Let g be r(9). Let w = -13 + g. List the prime factors of w.
3
Let c = 56 - 25. What are the prime factors of c?
31
Let c(m) = m**2 + 5*m - 5. Let y be (-1)/(2/2)*5. Let p be c(y). List the prime factors of 10 - (-5)/(p/2).
2
Let k = 48 + 124. What are the prime factors of k?
2, 43
Let x(z) = 31*z**2 + z + 1. What are the prime factors of x(-1)?
31
Let b = 24 - -4. Let t = b + 12. List the prime factors of t.
2, 5
Let w = 211 - 151. Suppose 5*m - 2*t - w = 0, 0*t = -4*m + 3*t + 55. List the prime factors of m.
2, 5
Let v(z) = 5*z - 9. What are the prime factors of v(5)?
2
Let m(h) be the second derivative of -3/2*h**3 - 3*h + 1/2*h**2 + 0. What are the prime factors of m(-1)?
2, 5
Let h be -1 + 1 - (-3 - -3). Let g = h - -6. List the prime factors of g.
2, 3
Let x(l) = -l**3 - 10*l**2 + l + 10. Let d be x(-10). List the prime factors of 1 - ((-2 - d) + 0).
3
Suppose 8 + 13 = 3*q - 3*i, 18 = 2*q - 3*i. Let f(p) = -3*p + q*p + p + 4. What are the prime factors of f(0)?
2
Let v = 19 + -11. Let k = -10 + v. What are the prime factors of k/7 - (-568)/28?
2, 5
Let d(i) = -17*i - 22. What are the prime factors of d(-9)?
131
Suppose -6*z + 37 + 23 = 0. List the prime factors of z.
2, 5
Suppose -28 = -v - 6. List the prime factors of v.
2, 11
Let g(y) = y**3 + 7*y**2 + 6*y + 15. What are the prime factors of g(-6)?
3, 5
Suppose 0 = 4*o - h - 133, 4*o - 3*h - 121 = 2*h. List the prime factors of o.
2, 17
Suppose 5*j = 11 + 9. Suppose -2*r - 22 = -j*r. What are the prime factors of r?
11
Let t = -21 + 39. Let x = t + -13. Suppose 4*i = z + 30, 0 = -i - z + x. What are the prime factors of i?
7
Let q = 121 - -7. What are the prime factors of q?
2
Let n be (14/35)/(1/65). Suppose 3*o - 2*m = n, -2*o + 5*m = -12 + 2. List the prime factors of o.
2, 5
Suppose 3*b - 76 = 11. Let w = -16 + b. List the prime factors of w.
13
What are the prime factors of 4 - (-2 - (-3 + 32))?
5, 7
Let k(a) = -a - 9. Let l be k(-7). Let o(u) = -u. Let b(p) = -6*p**2 + 3*p. Let c(g) = -b(g) - 6*o(g). List the prime factors of c(l).
2, 3
Let l be (-3)/(-3) - -1 - -2. Suppose 0*k = l*k - 88. List the prime factors of k.
2, 11
Let k = -22 + 52. What are the prime factors of k?
2, 3, 5
Let i(k) be the third derivative of k**6/120 + k**5/60 + 2*k**3/3 - k**2. List the prime factors of i(0).
2
Let p(y) = 3*y - 9. What are the prime factors of p(8)?
3, 5
Suppose a + 4*g = 77, 4*a + 0*g = 3*g + 346. Suppose a = 5*v - 0. List the prime factors of v.
17
Let w = 8 + -2. Let q(z) = 8 - 2*z - 5*z**2 + 4*z**2 + 8*z. What are the prime factors of q(w)?
2
Let l(x) = x**3 + x + 43. Let b be l(0). Let d be (62/(-6))/(2/6). Let k = d + b. List the prime factors of k.
2, 3
Let o = 32 + 6. What are the prime factors of o?
2, 19
Suppose -990 = -63*n + 58*n. What are the prime factors of n?
2, 3, 11
Let f(z) = z**3 - 8*z**2 + 7*z + 8. Let i = 14 + -8. Let o be f(i). Let l = -6 - o. List the prime factors of l.
2
What are the prime factors of (-2)/(-1 + (-165)/(-175))?
5, 7
Suppose j + 6 = -j, -4*x + 35 = -5*j. Let t = 8 - x. Suppose -2*v = -2, -v = -t*l + 29 - 6. What are the prime factors of l?
2
Let t(r) = 3 + 1 - 3*r**3 + 5*r - 3*r**2 + 2*r**3. Let l be t(-3). Let b(k) = -k**3 - 10*k**2 + 9*k - 14. What are the prime factors of b(l)?
2
Let b = 31 + 5. What are the prime factors of b?
2, 3
Let r = -18 + 24. List the prime factors of r.
2, 3
Suppose -2*f = -51 - 41. List the prime factors of f.
2, 23
Let h = -83 - -118. List the prime factors of h.
5, 7
Suppose k = -0*k + 3. Suppose -9 = -3*u + k*d, 0 = -u + 6*u - d - 27. List the prime factors of u.
2, 3
Let l(y) = -y**3 + 20. Suppose 5*a = 10, 3*k + 0*k = 5*a - 10. List the prime factors of l(k).
2, 5
Suppose -1 = -4*i - 13. What are the prime factors of (1/i)/((-5)/210)?
2, 7
Suppose -532 = -8*m + 1276. List the prime factors of m.
2, 113
Suppose n + 4*v = 12, 0 = -2*n + 2*v + 4. Let q(u) = -u**3 + 4*u**2 + 5*u - 5. List the prime factors of q(n).
3, 5
List the prime factors of 4*1/3*18.
2, 3
Suppose -z - 2*m + 7*m + 31 = 0, -z - 19 = 5*m. List 